(s) = 8*s. Let j(m) = -19*m + 1. Let z(d) = -6*j(d) - 14*w(d). Give z(v).
10
Let n(o) = -o**2 + 7*o + 3. Suppose -9*v - 107 = -17. Let a = v + 18. Give n(a).
-5
Let i(q) = q - 10. Suppose -2*c - 24 = 3*c + 2*g, 3*c + 6 = -4*g. Calculate i(c).
-16
Let n(s) = 3*s - 1. Let u(m) = 9*m - 10. Let t(w) = -2*n(w) + u(w). Give t(3).
1
Let a be (4/(-6))/((-2)/21). Let c(y) = -12*y**3 + 17*y**2 + 43*y - 9. Let g(i) = -7*i**3 + 9*i**2 + 24*i - 4. Let m(z) = 3*c(z) - 5*g(z). Calculate m(a).
7
Suppose -5*q + 0*q - 2 = -2*x, 3*x - 2*q = 14. Let w(u) = 8*u - 18. Give w(x).
30
Let k(v) = -v**3 + 23*v**2 - 17*v - 107. Let j be k(22). Let x(h) = -h**3 + 2*h**2 + 4*h - 2. Determine x(j).
1
Let p(n) = -10*n**2 + n + 2. Let j(v) = v**2 - 23*v - 142. Let k be j(-5). Calculate p(k).
-40
Let q(g) be the second derivative of 1/6*g**3 + 0 + 38*g - 7/2*g**2. What is q(-5)?
-12
Suppose 116*x + 48 = 68*x. Let o(c) = -3*c**2 + 2. Give o(x).
-1
Let j(r) = -r**2 - 2*r + 3. Let a = 1177 + -1180. Calculate j(a).
0
Let b be 2/(-5) - ((-204)/(-15) + -3). Let o(k) = k**3 + 10*k**2 - 9*k + 16. Give o(b).
-6
Let o(w) = -w**3 + 10*w**2 + 12*w + 9. Suppose 34*r + 10*r = 484. Give o(r).
20
Let w(c) be the first derivative of -c**4/4 - 5*c**3/3 - c**2/2 + 1. Let f be w(-5). Suppose -3 = l - f. Let u(t) = t**2 + 2*t - 3. Give u(l).
5
Let q(k) = -5*k + 57*k**3 + 17*k - 1 - 58*k**3 + 0*k**2 - 3 - 5*k**2. Give q(-7).
10
Let v(k) = -k**3 - 5*k**2 - 3*k - 3. Let y(h) = 3*h + 11. Let a(z) = 6*z + 21. Let o(p) = -2*a(p) + 5*y(p). Let w be o(-6). Let m = 1 + w. Calculate v(m).
-7
Let m(b) = 5*b**3 - 16*b**2 + 9*b - 36. Let v(x) = 4*x**3 - 15*x**2 + 9*x - 33. Let j(z) = -5*m(z) + 6*v(z). Determine j(-11).
4
Let f(y) = y - 5. Let p(q) = 2. Suppose 4*w - 3 - 5 = 0. Let j(r) = w*f(r) + 5*p(r). Determine j(5).
10
Let y = -57 + 62. Let c(f) = -2*f**2 + 10*f + 7. Calculate c(y).
7
Let o = 38 + -26. Let u be o - 4/(-4) - -3. Suppose 5*h - h = -u. Let f(w) = -w**2 - 3*w - 2. What is f(h)?
-6
Let t(f) = -f**2 - f - 2. Let b = 19 - 19. Suppose b*s - s = 0. Give t(s).
-2
Let l(n) = 9*n**2 - 27*n - 3. Let k(t) = -3*t**2 + 9*t + 1. Let w(h) = -10*k(h) - 3*l(h). Determine w(4).
11
Let n(u) = 2*u + 6 - 5*u + u**3 - 3. Let a = -7 + 11. Suppose a*v + 0*v = 8. Calculate n(v).
5
Suppose 0*h + 5*h = 0. Suppose -2*g + 2*b = 3*b - 8, -b = h. Let z(p) = -5*p + 0 + p**2 - g - p**3 - 6*p**2. What is z(-4)?
0
Let k(q) = -q**3 - 3*q**2 - 2*q - 2. Suppose 0 = -2*m + 2*l - 6*l - 16, 4*l + 16 = 0. Suppose -2*i = m, -3*z - 2 - 4 = -i. Give k(z).
-2
Let v be 11/(33/18) - 3. Suppose v*k + 22 = 2*y - 2*k, 4*k = -16. Let i(o) = 7*o**2 + o - 1. Determine i(y).
7
Let k(h) = 6*h + 7 + 212*h**2 - 446*h**2 + 233*h**2. Suppose -3*m + 2 + 13 = 0. Calculate k(m).
12
Let s(w) be the second derivative of -w**3/3 - 23*w. Suppose -m + 2 + 1 = 0. Let k be m/9 - (-13)/(-3). Calculate s(k).
8
Let h(d) = 12*d + 21. Let t be h(-2). Let i be 9/t + -6 + 11. Let z(j) be the third derivative of j**5/60 - 5*j**4/24 + j**3/3 + j**2. Determine z(i).
-4
Suppose -5*p + 3*a = 0, -10 = -5*p + a - 0*a. Suppose -4*x = -2*x - 8, -34 = -p*i - 4*x. Let f = 4 - i. Let m(c) = -3*c - 2. Determine m(f).
4
Let i = -84 - -80. Let m be (6/i)/(-3)*2. Let v(r) = 1 - 3*r - 6*r + 0*r. Determine v(m).
-8
Let u(p) = p**3 - 15*p**2 - 18*p + 37. Let n be u(16). Let s(f) = -f**3 - 2 + 6*f**2 - n*f + 5*f + 8*f. Determine s(7).
5
Let t be (6/9)/(4/24). Suppose p = -4*a - 10, t*p = a + 6 + 5. Let l(f) = -4*f - 3 - p + 0*f + 2*f. What is l(-4)?
3
Let i(r) = -17*r + 1. Suppose 16 = -608*p + 600*p. Determine i(p).
35
Let k(t) = -2*t - 1. Let c be k(1). Let z(a) = -a**2 - 3*a + 6. Let h be z(-4). Let o(u) = 4*u**h + 2*u**3 - 2*u - 3*u**2 - u**3. What is o(c)?
-12
Let j be (31 - -9)/(-10) + 8/1. Let k(z) = 3*z**2 - 5*z - 4. Give k(j).
24
Let o(b) be the second derivative of -2*b**4/3 + 2*b**3/3 + b**2/2 + 26*b. Let s(l) = -l**2 - l - 1. Let y(i) = -o(i) - 2*s(i). Calculate y(1).
9
Let z be (-18)/(-15) + 2*(-12)/20. Let h(m) = 7*m**3 + 3*m**2 - 3*m - 6. Let c(o) = -11*o**3 - 5*o**2 + 5*o + 9. Let p(w) = 5*c(w) + 8*h(w). Determine p(z).
-3
Let j(z) be the second derivative of -z**4/12 - 3*z**3/2 - 11*z**2/2 + 3*z. Suppose 5*h + 33 = -o + 5, 4*o + 28 = h. Determine j(o).
-3
Let z(y) = y**3 + 5*y**2 - 5*y - 6. Let g(m) = 6*m**3 - m**2 + 2*m - 2. Let c be g(-3). Let v = -185 - c. Determine z(v).
-12
Let d(g) = 4*g**2 - 3*g + 1. Let a(m) = m**3 + m**2 - m. Let z(i) = 2*a(i) - d(i). Let l = -98 - -100. What is z(l)?
9
Let v(s) be the third derivative of 3*s**4/8 - 9*s**3/2 + s**2 + 83. What is v(4)?
9
Let w(t) = 5*t**3 - t**2 + t - 1. Let a(u) = -u**3 - 5*u**2 + 2. Let b be a(-5). Suppose -b - 2 = -r. Let y be ((-2)/r)/((-2)/4). Give w(y).
4
Let q(o) = 3*o + 9. Suppose 0 = -4*m - 47 - 81. Let k = 37 + m. Suppose -k*b = -0*b + 30. Calculate q(b).
-9
Let z(b) = 4*b + 3. Let l = 64 + -66. Give z(l).
-5
Let u(t) = 2*t**2 - t + 2. Let n be u(1). Let f(l) = 2*l**2 - l - 4. Give f(n).
11
Let s be 5 + -1 + (-39)/13. Let q(w) = -28*w**2 + w - 1. Determine q(s).
-28
Let y(c) = 12 - 13*c**2 - 31*c + c**3 + 6 + 0*c**3 + 0*c**3 + 0*c**3. Determine y(15).
3
Suppose -141 = 3*o + 3*r + 129, 90 = -o + 5*r. Let w = o + 84. Let a(k) = -k**3 - 7*k**2 - 4*k + 1. What is a(w)?
-11
Let c = -2 - -3. Let m(j) be the second derivative of 0 - 16*j + 0*j**2 + 3/2*j**3. Give m(c).
9
Let v(t) = 2*t - 26. Let o be v(12). Let p(x) = 2*x**2 + x - 1. Give p(o).
5
Suppose -4*w = 22 - 2. Let f be (w/(-5) + 11)*-1. Let q(p) = p**2 + 13*p + 10. Give q(f).
-2
Let m(v) = 3*v + 11. Let i be m(-6). Let l(y) be the third derivative of -y**4/24 - 3*y**3/2 + 5*y**2. Determine l(i).
-2
Let t = 42 - 37. Let h = 1 + 4. Suppose -t*x = 4*i - 32, -4*i + 2*x + h - 1 = 0. Let v(y) = y**2 - 4*y - 2. Determine v(i).
-5
Let x = 17 - 14. Suppose -x*p + 2 = -10. Suppose -2*t - 3*k + 20 = -3*t, 5*k = p*t + 45. Let r(v) = v**2 + 5*v - 7. Calculate r(t).
-7
Let p(c) = -c**3 - 5*c**2 + 2*c - 4. Suppose -2*f + 0 = 3*l + 12, 5*l + 24 = -4*f. Give p(f).
20
Let n(v) = 11*v**3 + 2*v + 1. Suppose -8*z = -3*z + 10. Let s = z + 1. Determine n(s).
-12
Let k(y) = -y**2 - 7*y - 5. Let p(w) = -3*w**2 - 14*w - 11. Let f(m) = -5*k(m) + 2*p(m). Suppose 5*o + 207 = 4*o. Let z = -201 - o. Give f(z).
9
Let g(i) = 4*i**3 + 6*i**2 + 25*i - 39*i - 3*i**3 + 8 + 16*i. Calculate g(-6).
-4
Suppose 0 = -5*m - f + 37 - 15, 2*f = -m + 8. Suppose -9 = -2*g - 5*d, 4*g - d + 17 = 2. Let j be (g - m)/(-3 - -2). Let y(i) = i - 5. Determine y(j).
2
Let i(m) = m + 6. Let z be i(-3). Let c(r) = 2*r - 6*r + z*r. Let v(n) = 2*n + 5. Let w(d) = 2*c(d) + 2*v(d). Determine w(-7).
-4
Let s(v) = -v - 4. Suppose 3*q + 8*q = -11. Give s(q).
-3
Let h(n) be the first derivative of -2*n**3/3 - 2*n**2 + 6*n - 137. Calculate h(-4).
-10
Suppose -5*z = -p + 32, -3*p + z - 1 = -41. Let o = p + 3. Suppose 3*j = k + 25, -2*j + o = 3*j + 5*k. Let q(l) = -l**3 + 6*l**2 + 9*l - 9. Calculate q(j).
5
Let h = 2451 - 2456. Let f(q) = 2 - 3*q - 8 - 1. Calculate f(h).
8
Let q(m) = m**3 - 6*m**2 + 6*m. Let b be q(5). Suppose 3*f - 6 = a, -f + 38 = b*a + f. Let c(k) = k**3 - 6*k**2 - 4*k + 7. Give c(a).
-17
Let n(w) be the second derivative of w**4/12 + w**3 - 21*w**2/2 - 520*w. Give n(-8).
-5
Let r(s) = -s**3 - 5*s**2 - 4*s - 4. Suppose -2*m - 3*l + 4 = 0, -3*m - 3 - 6 = -3*l. Let j be m - -10 - (-9)/(-9). Let n = j + -11. Determine r(n).
-10
Let a = 11 + -16. Let p(w) = -7*w - 20. Let n(k) = 2*k + 5. Let d(r) = -22*n(r) - 6*p(r). Let b(t) = t - 9. Let j(g) = -3*b(g) - 2*d(g). Calculate j(a).
2
Let t(v) = -7*v**2 + v - 3. Let z(c) = -c**2 - c + 1. Let a(x) = t(x) + 2*z(x). Let h be a(-1). Let o(r) = -r - 9. Give o(h).
0
Let i be 108/(-14) - (-4)/(-14). Let k(r) = 3 + 77*r**2 + 4*r + 5*r - 76*r**2. Let l be k(i). Let y(d) = d**2 + 4*d. Give y(l).
5
Let k(g) = g**2. Let m(y) = 11*y - 117. Let p be m(11). Determine k(p).
16
Let j(u) = u**2 - 8*u + 4. Let i be j(6). Let z(s) = -s - s**2 + 5 + 5 - 5*s. Let t be z(i). Let k(h) = -h - 10. Give k(t).
-4
Let m(v) = 6*v - 4. Let i(x) = -8*x + 8. Let w be i(2). Give m(w).
-52
Let r(h) be the first derivative of h**5/12 + h**4/12 - h**3/6 + 2*h**2 + 7. Let v(o) be the second derivative of r(o). What is v(1)?
6
Let f(h) be the third derivative of h**6/120 + h**5/60 - h**4/12 